18 - 26 - (10 + -4 + -8)) + -22?
-28
What is the value of 12 + (25 - (7 + 14))?
16
4 - 13 - (-8 - -11)
-12
-9 + -10 + 17 + -6
-8
Evaluate -12 + -23 + 19 + -12 + 1.
-27
(-19 - (-18 + 38)) + 40
1
Calculate -3 - (7 + 24 - 53).
19
Evaluate 2 + -6 - 9 - (-1 + -7).
-5
Calculate 10 + -2 + -13 + 10 + -36.
-31
Calculate 14 - (1 - (-7 - (-20 - -11))).
15
-1 + 0 + (-38 - -14) + 10
-15
Evaluate 9 - 15 - (14 - 4) - -1.
-15
Evaluate 33 + 1 - (-14 - (33 + -58)).
23
What is the value of -1 - (-6 + 18 + -19)?
6
What is the value of (-73 - -58) + 3 + -2?
-14
What is -50 + 25 - ((12 - 7) + 6)?
-36
What is the value of (6 - 9) + 9 - 23 - (7 - 3)?
-21
What is -14 - (-2 - 3 - 8)?
-1
What is 3 + (0 - -4) + (-2 - (-2 - -2))?
5
0 + 3 + 1 + -14 + 11
1
Evaluate 6 + (4 - -10) + -2 + (-4 - 0).
14
What is -17 + -3 + (144 - 105)?
19
What is the value of 1 + 0 + 10 + -8 + -12?
-9
(11 + -8 - (1 + -2)) + 7
11
10 + (-12 - -7) - -1
6
Calculate -15 + (-10 - (-13 - -12)).
-24
Calculate -2 + 16 + 1 - (-11 + 12).
14
What is the value of (-2 - 9 - (-13 - 6)) + 1?
9
What is (-2 - -17) + -1 + (12 + -5 - 2)?
19
What is 39 + (-22 + -7 - -8)?
18
Evaluate -3 + (22 + -6 - -4).
17
(18 - 10) + (3 - 10 - -3)
4
What is 5 - (-5 + 2) - (-3 - 0 - -12)?
-1
-7 + 1 + 0 + (-430 - -421)
-15
Calculate 8 + (20 - 27 - (-4 - -7)) + 10.
8
Evaluate -8 + (-29 + 15 - -20).
-2
What is -14 + (-4 - (-18 - -8))?
-8
Evaluate 2 + (-16 - 0 - 2) + (-276 - -273).
-19
What is (1608 - 1610) + (1 - 6) + 1?
-6
What is -8 - (9 - -10 - 8) - (0 + -4)?
-15
What is (-4 - -13) + 2 + -1 + -25 + 14?
-1
-40 + 31 + (-8 - 16)
-33
Calculate (-2 + 3 + 2 - 7) + (10 - 5).
1
Calculate (-29 - -88 - 41) + 2 + -7 + 1.
14
What is -32 + 44 - ((-9 - 2) + (-8 - -11))?
20
What is the value of 39 - ((-36 - -5) + 54)?
16
(4 - (-6 - -12 - 9)) + 6
13
Calculate 2 + (12 - 21) + (1 - -3).
-3
Calculate 16 + -2 + -1 + 25 + -52 + 22.
8
What is 0 + -13 + 0 + (1 - -9)?
-3
What is (-1 - 4) + (9 - 11) + 6 + -6?
-7
What is the value of -3 - (-2 + (-2 - -6))?
-5
Calculate -46 + 57 - (-6 - ((-18 - 4) + 4)).
-1
Calculate -3 - (0 + 12 - (0 - 0)).
-15
Evaluate (22 - (-16 + 18)) + -11.
9
Calculate 64 + -44 + -19 - (-1 + 2).
0
Calculate -11 + 1 - (-35 - -25 - -6).
-6
Evaluate -10 - (-19 - (-9 + 2 + 5 + 1)).
8
What is (0 - (-2 + 0) - -3) + 1?
6
Evaluate -13 - -13 - (3 + -1 + -6 + 11).
-7
What is the value of 1 + 6 + (748 - 769)?
-14
Calculate 31 - 3 - (332 + -322).
18
Calculate 10 - (11 + (-1 - (-17 - -7))).
-10
5 + -13 + -8 + 20
4
Calculate -5 + (-5 - (6 + -12 + 11)).
-15
Calculate 22 - 8 - (3 - 3 - -4).
10
Calculate -1 + 1 - 11 - (-49 - (5 + -50)).
-7
Calculate (25 - (-29 - -68)) + -18.
-32
What is the value of 4 + (11 - (17 - (6 - -1) - 5))?
10
Calculate 30 - (17 + -5 - 6).
24
What is (-25 - -16) + 11 + (3 - 1)?
4
What is the value of 14 + (-53 - -62 - (-2 + (3 - 1)))?
23
What is -2 - ((-2 - -9) + 1 - (2 - -2))?
-6
What is (5 - (-11 - -11)) + 10 + 4 - 5?
14
What is (0 - 0) + 8 + 1 - (-27 - -26)?
10
(1 - 8) + 59 + -49
3
What is the value of 8 + -1 + -29 + 28?
6
What is the value of 17 + -4 + (34 - 28)?
19
What is (-10 - -1) + 14 + 21 + -40?
-14
What is 6 + -3 + (-17 - -21) - 8?
-1
3 + 7 + -13 + -6
-9
Evaluate 31 + 15 + -11 + -13 + -1.
21
Evaluate (114 - 144) + 6 + -2 + (3 - -1).
-22
What is the value of ((0 - -4) + -3 - 3) + 1 + -25?
-26
What is (-38 - -19 - -2) + 8?
-9
Evaluate -8 + (-6 + -3 - 4) - 0.
-21
Calculate (2 + 9 - 4 - -1) + -32 + 44.
20
What is (1 - 0) + -6 + (-536 - -541)?
0
What is the value of 2 + -4 - (-3 - (3 + -3) - 5)?
6
-6 - -1 - (-50 - -49)
-4
(-12 - -5) + (16 - (-2 - -1) - 0)
10
What is the value of (6 - 0) + (-2 - 4 - (49 + -48))?
-1
Calculate -26 + 11 - (7 + -5 + -35).
18
Evaluate (1 - 5) + 9 - (-1 - 2 - -7).
1
Evaluate -23 + 37 + -15 + -3 + -2 + -1.
-7
-20 + 20 + -2 - -5
3
(8 - -3) + 352 + -380
-17
What is the value of (0 - (19 + (-2 - (16 + -11)))) + 49?
37
-6 + -12 + (-8 - -8 - -7)
-11
8 - ((-5 - (0 + 2)) + (93 - 86))
8
What is the value of -15 + (32 - (-24 - -45))?
-4
What is the value of 1 + 2 + 4 - (-291 + 295)?
3
Evaluate 10 + (-5 - -1 - (-10 - -5)).
11
Evaluate 4 + 1 + 8 + (7 - 18) + 4.
6
Evaluate -4 + (2 - 4) + (-5 - (12 + -15)).
-8
Calculate -9 + -1 + (-14 - (-18 + 3)) + -11.
-20
What is (-33 - -44) + -11 + -1 + 12?
11
What is the value of 9 + (0 - 0 - (-3 - (10 - 9)))?
13
-2 + 10 + (3 - 2) - (-3477 - -3465)
21
Evaluate (-14 - -7) + 14 - 0.
7
Calculate 2 + 1 - (37 - 11 - 23) - -13.
13
Calculate -2 - (-6 - 8) - 3.
9
Evaluate (-5 - -22 - 13) + -1 + -5.
-2
What is -310 + 299 + 0 + 8?
-3
Calculate -21 + (13 - (-29 - -8)).
13
What is -19 + (-3 - -17) + 0 + 9?
4
Evaluate (-1 + -22 - (-85 + 84)) + 10.
-12
Evaluate 10 + -1 - (-11 - -24 - 11).
7
What is the value of (49 - 46) + 7 + 1 + 3?
14
Calculate -15 + (5 - 29) + 44.
5
What is the value of (-6 - 2 - 4) + (-16 - -17)?
-11
What is the value of -1 + 7 + (36 - 27) + -14?
1
14 - (2 + 3) - (144 + -162)
27
Calculate 4 - (4 + 1 - (25 - 30)).
-6
Evaluate (-24 - -10) + 11 - 3.
-6
Calculate (30 + -1 - 16 - (0 + 7)) + -5.
1
What is the value of 8 + (-14 - (5 + 3 + -21 + 6))?
1
-19 + 12 + 14 - 11 - -12
8
Calculate 5 - -3 - (-10 - (-21 - 2)).
-5
(11 - ((3 - 0) + 0)) + (4 - 1)
11
Calculate -3 - (2 - -5 - 16).
6
(-15 - -2) + 31 + 3
21
Evaluate 30 + (-9 - 4) + -28.
-11
What is the value of -8 - (5 - 7 - 20)?
14
Evaluate 0 + (20 - 14 - (-2 + 2 - -13)).
-7
Calculate (-13 - (-25 + 22)) + 6.
-4
Calculate -43 + 17 + 11 - -12.
-3
What is the value of -31 - (-9 + (-1 - 6))?
-15
-15 - (8 - 23) - (-1 + 0 - 10)
11
(7 - (47 + -40 - (2 + 0))) + -15
-13
Evaluate 25 + (37 - (45 + 6)).
11
What is the value of (16 - 32) + 0 + 6?
-10
Evaluate -2 + -15 - (211 + -222).
-6
Calculate 9 - (5 - (4 + -3)) - (-3 + 32).
-24
(-42 + 38 - (0 - (0 + 1))) + 4
1
What is -20 + 5 + -7 - (2 - 10)?
-14
What is the value of 33 - 0 - (1099 - 1044)?
-22
What is the value of 15 - (5 - (-6 + (2 - (-11 - -3))))?
14
Evaluate 2 + (6 + -20 - 10) - -7.
-15
Evaluate -3 - (-9 - -8 - 18).
16
(-24 - -7) + (-4 - (6 + -11)) - -10
-6
What is the value of 580 + -584 + 1 + 8?
5
-1 + (11 - 9) + -6 + 18 + 0
13
What is the value of (7 - 13) + 0 + -2 + 9?
1
Calculate (8 - 0) + 0 + -29 + 11.
-10
Evaluate (6 - -4) + 20 + (9 - (6 + 9)).
24
(-16 - -62) + -32 + 5 + -7
12
Evaluate 2 + (5 - -5) + 3 + (-6 - -1).
10
What is (10 - 1) + (69 + -21 - 3) + -22?
32
What is the value of (12 - 15) + (2 - 6) + 6?
-1
What is the value of 0 + -2 - -7 - -7 - (5 - 19)?
26
Calculate (3 - 1) + (-87 - -68).
-17
What is the value of (0 - -14) + (44 - 42)?
16
(32 - 16) + -12 + (-8 - -14)
10
Calculate -11 - (5 + -31) - 5.
10
What is 2 - (-8 - 12 - -9 - -9)?
4
What is -1 - -4 - (-11 - (4 - 4) - -33)?
-19
Calculate (14 - (18 - 0)) + -11.
-15
What is the value of 10 + -20 + (-6 + 59 - 15)?
28
Calculate (11 - (13 + (-4 - 4))) + -9 + 7.
4
What is the value of 15 - ((0 - 2) + (-2 - -5 - 6))?
20
-26 - (4 + (11 - 22))
-19
What is (31 - (4 + -12)) + -10 + 0 + 7?
36
Evaluate 3 + -7 + (-5 - 1) + (4 - 6).
-12
Evaluate -5 - -15 - (24 + -2 - -2).
-14
What is (-12 - -1) + (4 + -17 - -13) + 0?
-11
Calculate -5 - (-5 + -11 + 31).
-20
(4 - -2 - 0) + -7 + -5 + 10
4
Calculate (-27 - -38 - -20) + -36.
-5
What is the value of -22 + (-13 - 9 - -13)?
-31
What is the value of 3 + (14 - (5 + 21))?
-9
What is (10 - 2) + (23 - 28) + 18 + -1?
20
Evaluate -1 + (13 - 4) - (-56 - -59).
5
What is -2368 - -2379 - (2 + -11 + 1 + -3)?
22
Evaluate (-2 + 2 + -2 - -5) + -177 + 164.
-10
What is (2 - -12) + -25 + (17 - 2)?
4
What is the value of 11 + (11 - 9) + -4?
9
What is -10 - (4 + -10) - -8 - (10 + 1)?
-7
Evaluate -4 - 2 - -14 - (43 - 14 - 3).
-18
Calculate (-8 - 0) + 10 - (18 + (-3 - -4)).
-17
What is the value of -18 - (2 + 13) - -38?
5
Evaluate (8 + -1 - (13 - -6)) + 0 - 5.
-17
What is (2 - 3) + -1 + (-15 + 23 - -12)?
18
What is the value of 33 + -82 + -5 - -21?
-33
What is the value of -12 + (30 + -33 - 13)?
-28
What is 5 + (-6 - (-2 + -7 + 15 - 16))?
9
Calculate (8 - (-6 - -8)) + 6 + -4.
8
What is -13 - (19 - 25 - (-7 - (-1 - -1)))?
-14
What is 1 + 27 + 218 + -231?
15
Evaluate 2 + -4 + 15 - (1 - -6).
6
Calculate 31 + -16 - 29 - -10.
-4
Calculate -21 - (-16 - 0) - (0 + -3).
-2
37 + (-38 - -17) - 15 - -17
18
-38 + -22 + (23 - -22)
-15
What is the value of 7 + (-5 - -4) + 2 - 9?
-1
(223 - 205) + 2 + -26
-6
Calculate 0 